{"id":659,"date":"2017-10-18T12:10:56","date_gmt":"2017-10-18T10:10:56","guid":{"rendered":"http:\/\/www.ire.pw.edu.pl\/anteny\/?page_id=659"},"modified":"2020-05-05T16:16:09","modified_gmt":"2020-05-05T14:16:09","slug":"publications-in-2017","status":"publish","type":"page","link":"https:\/\/sub-thz.ire.pw.edu.pl\/?page_id=659","title":{"rendered":"Publications in 2017"},"content":{"rendered":"<p><strong>Journal Citation Reports \u2013 Thomson Reuters:<\/strong><\/p>\n<ul>\n<li>Yashchyshyn, K. Godziszewski, G. Bogdan, and P. Piasecki, &#8220;X-band antenna array for low-cost beam scanning,&#8221; in <em>IET Microwaves, Antennas &amp; Propagation<\/em>, vol. 11, no. 15, pp. 2174-2178, 2017, <a href=\"http:\/\/dx.doi.org\/10.1049\/iet-map.2017.0205\">10.1049\/iet-map.2017.0205<\/a><\/li>\n<\/ul>\n<p><strong>National papers<\/strong><\/p>\n<ul>\n<li>G. Bogdan, K. Godziszewski, P. Bajurko, and Y. Yashchyshyn, &#8220;Stanowisko do bada\u0144 system\u00f3w MIMO wielkiej skali w pa\u015bmie mikrofalowym i subterahercowym&#8221; (Facility for massive mimo characterization in microwave and sub-terahertz range), <em>Przegl\u0105d Telekomunikacyjny &#8211; Wiadomo\u015bci Telekomunikacyjne<\/em>, vol. LXXXVI, no. 6\/2017, pp. 279-282.<\/li>\n<li>P. Piasecki, Y. Yashchyshyn, &#8220;Badanie anteny z fal\u0105 wyciekaj\u0105c\u0105 wykonanej w technologii LTCC pracuj\u0105cej w zakresie 125 GHz &#8211; 135 GHz&#8221; (Measurements of an LTCC leaky wave antenna operated in 125 GHz \u2013 135 GHz), <em>Przegl\u0105d Telekomunikacyjny &#8211; Wiadomo\u015bci Telekomunikacyjne<\/em>, vol. LXXXVI, no. 6\/2017, pp. 267-270.<\/li>\n<li>P. Hoffmann, Y. Yashchyshyn, &#8220;Badanie mo\u017cliwo\u015bci przestrajania cz\u0119stotliwo\u015bci rezonansowej anteny na pasmo 60 GHz za pomoc\u0105 MEMS&#8221; (Study of the possibility to change the resonating frequency of a 60 GHz antenna with the use of MEMS), <em>Przegl\u0105d Telekomunikacyjny &#8211; Wiadomo\u015bci Telekomunikacyjne<\/em>, vol. LXXXVI, no. 6\/2017, pp. 275-278.<\/li>\n<li>J. Sobolewski, B. Synkiewicz, P. R. Bajurko, &#8220;Antena \u0142atkowa na pasmo 120 GHz w bezskurczowej technologii LTCC&#8221; (120 GHz patch antenna in a zero shrinkage LTCC technology), <em>Przegl\u0105d Telekomunikacyjny &#8211; Wiadomo\u015bci Telekomunikacyjne<\/em>, vol. LXXXVI, no. 6\/2017, pp. 271-274.<\/li>\n<li>Beata Synkiewicz, Dorota Szwagierczak, Wojciech Grzesiak, Jacek Ratajczak, Jan Kulawik, Yevhen Yashchyshyn, Pawe\u0142 Bajurko, \u201eZastosowanie technologii LTCC w wytwarzaniu pod\u0142o\u017cy do uk\u0142ad\u00f3w mikrofalowych\u201d (Application of LTCC technology for fabrication of substrates for microwave devices), <em>Elektronika: konstrukcje, technologie, zastosowania<\/em>, vol. 58, no. 9\/2017, pp. 21-24, DOI 10.15199\/13.2017.9.6.<\/li>\n<\/ul>\n<p><strong>Conference papers<br \/>\n<\/strong><\/p>\n<ul>\n<li>Y. Yashchyshyn, P. Bajurko, P. Piasecki, P. W\u0142odarczyk, K. Godziszewski, J. Sobolewski, B. Synkiewicz, J. Kulawik, &#8220;Experience in Developing LTCC Technologies for mm-Wave Antennas&#8221;, <em>11th Eur. Conf. Antennas Propag. (EuCAP)<\/em>, Pary\u017c, Francja, str. 1306-1310, 2017.<\/li>\n<li>Y. Yashchyshyn, K. Godziszewski, &#8220;Express material characterization method for sub-THz frequency range&#8221;, <em>Proc. European Materials Research Society Fall Meeting<\/em>, Warszawa, Polska, wrzesie\u0144, 2017.<\/li>\n<li>Y. Yashchyshyn, G. Bogdan, K. Godziszewski, P. Bajurko, &#8220;Massive MIMO testing facility for future 5G systems&#8221;, <em>2017 International Conference on Information and Telecommunication Technologies and Radio Electronics (UkrMiCo)<\/em>, Lviv, pp. 1-5, September, 2017.<\/li>\n<li>Grzegorz Janczyk, Tomasz Bieniek, Pawe\u0142 R. Bajurko, &#8220;CarrICool the Innovative 3D Interposer Platform for HPC Systems: Analysis, Simulations, Optimization, Practice for Reliability Improvement and Performance Increase,&#8221; <em>Informatics, Electronics and Microsystems TechConnect Briefs 2017, Nanoelectronics Chapter 2<\/em>, Washington DC, USA,\u00a0 pp. 47-50, TechConnect Briefs 2017, ISBN 978-0-9988782-1-8.<\/li>\n<\/ul>\n<p><strong>Patents<\/strong><\/p>\n<ul>\n<li>M. Bury, R. Zawi\u015blak, S. Koz\u0142owski, P. Bajurko, &#8220;Antena o prze\u0142\u0105czanej polaryzacji&#8221; (Antenna with switchable polarization), Polish patent, exclusive right number PL 226960, application number P.398059, application date 09.02.2012, date of grant 25.04.2017, publication date (in WUP) 31.10.2017.<\/li>\n<li>P. Bajurko, M. Bury, S. Koz\u0142owski, &#8220;Mikrofalowy system pomiarowy z oknowaniem w czasie&#8221; (Microwave measurement system with time gating), Polish patent, exclusive right number PL 227828, application number P.399175, application date 14.05.2012, date of grant 23.06.2017, publication date (in WUP) 31.01.2018.<\/li>\n<li>M. Bury, P. Bajurko, S. Koz\u0142owski, \u201eMikrofalowy wielokana\u0142owy system pomiarowy z przetwarzaniem w dziedzinie czasu\u201d (Multi-channel microwave measurement system with the time-domain processing), Polish patent, exclusive right number PL 227561, application number P.396233, application date 05.09.2011, date of grant 20.06.2017, publication date (in WUP) 29.12.2017.<\/li>\n<li>P. Bajurko, M. Bury, S. Koz\u0142owski, \u201eImpulsowy system pomiarowy do wyznaczania parametr\u00f3w sterowanych uk\u0142ad\u00f3w mikrofalowych\u201d (Pulse measurement system for determining the parameters of steerable microwave circuits), Polish patent, exclusive right number PL 227869, application number P.398249, application date 27.02.2012, date of grant 22.08.2017, publication date (in WUP) 31.01.2018.<\/li>\n<li>P. Bajurko, \u201eAntena tubowa diagonalna\u201d (Diagonal horn antenna), Polish patent, exclusive right number PL 228859, application number P.413078, application date 09.07.2015, date of grant 07.12.2017, publication date (in WUP) 30.05.2018.<\/li>\n<\/ul>","protected":false},"excerpt":{"rendered":"<p>Journal Citation Reports \u2013 Thomson Reuters: Yashchyshyn, K. Godziszewski, G. Bogdan, and P. Piasecki, &#8220;X-band antenna array for low-cost beam scanning,&#8221; in IET Microwaves, Antennas &amp; Propagation, vol. 11, no. 15, pp.<a class=\"moretag\" href=\"https:\/\/sub-thz.ire.pw.edu.pl\/?page_id=659\">Read More&#8230;<\/a><\/p>\n","protected":false},"author":1,"featured_media":0,"parent":108,"menu_order":0,"comment_status":"closed","ping_status":"closed","template":"","meta":{"footnotes":""},"class_list":["post-659","page","type-page","status-publish","hentry"],"_links":{"self":[{"href":"https:\/\/sub-thz.ire.pw.edu.pl\/index.php?rest_route=\/wp\/v2\/pages\/659","targetHints":{"allow":["GET"]}}],"collection":[{"href":"https:\/\/sub-thz.ire.pw.edu.pl\/index.php?rest_route=\/wp\/v2\/pages"}],"about":[{"href":"https:\/\/sub-thz.ire.pw.edu.pl\/index.php?rest_route=\/wp\/v2\/types\/page"}],"author":[{"embeddable":true,"href":"https:\/\/sub-thz.ire.pw.edu.pl\/index.php?rest_route=\/wp\/v2\/users\/1"}],"replies":[{"embeddable":true,"href":"https:\/\/sub-thz.ire.pw.edu.pl\/index.php?rest_route=%2Fwp%2Fv2%2Fcomments&post=659"}],"version-history":[{"count":42,"href":"https:\/\/sub-thz.ire.pw.edu.pl\/index.php?rest_route=\/wp\/v2\/pages\/659\/revisions"}],"predecessor-version":[{"id":1486,"href":"https:\/\/sub-thz.ire.pw.edu.pl\/index.php?rest_route=\/wp\/v2\/pages\/659\/revisions\/1486"}],"up":[{"embeddable":true,"href":"https:\/\/sub-thz.ire.pw.edu.pl\/index.php?rest_route=\/wp\/v2\/pages\/108"}],"wp:attachment":[{"href":"https:\/\/sub-thz.ire.pw.edu.pl\/index.php?rest_route=%2Fwp%2Fv2%2Fmedia&parent=659"}],"curies":[{"name":"wp","href":"https:\/\/api.w.org\/{rel}","templated":true}]}}